**2 + 1349*n - 1. What is p(20)?
-4
Suppose -4*y = 4*h, 37 = -2*h - 5*y + 28. Let m(d) = 9*d + 9. Calculate m(h).
36
Let o(f) = -7*f**2 - 4*f - 10. Suppose 235*g - 134 + 472 = -132. Give o(g).
-30
Let w(c) = 3*c - 10. Let v(y) = -48*y + 159. Let z = 76 - 43. Let q(p) = z*w(p) + 2*v(p). Let n be (6/(-5))/(282/(-1880)). Determine q(n).
12
Let c = 126 - 58. Suppose 44 - c = 4*b. Let a(q) = -q + 2. Calculate a(b).
8
Let q be ((-90)/14)/((-1764)/4116). Let s(c) = -2*c + 17. Give s(q).
-13
Let l be (-20)/4*(-36)/30. Let p(s) = 10*s**2 - 15*s. Let a(y) = -3*y**2 + 5*y. Let d(x) = 7*a(x) + 2*p(x). Calculate d(l).
-6
Let f be (2/8)/(6/72). Suppose -3*v + 20 = t, 4 = 2*t + f*v - 21. Let k(p) = t*p - 12*p + 4*p - 5. Calculate k(-5).
10
Suppose 2*v + 24 = 3*d, -30*v + 29*v - d = -8. Let o(b) = -b**3 - b**2 - b - 3. Calculate o(v).
-3
Let t(z) = -3*z**3 + 34*z**2 - 44*z + 34. Let i be t(10). Let y(x) = -x**2 - 7*x - 13. Calculate y(i).
-7
Let w(k) = -2*k**2 - 4*k + 5. Suppose 0 = -18*a + 293 + 337. Suppose 0 = 3*c + 4*c + a. Determine w(c).
-25
Suppose -5*a - r + 14 = 0, -15*a + 14*a - 2*r + 1 = 0. Let y(z) = z**2 + a*z + 139 + 128 - 260. What is y(-3)?
7
Let k(x) = -95*x - 2*x**2 + 28*x + 34*x + 28*x + 1. Let o(q) = q**2 + 29*q + 134. Let m be o(-23). Determine k(m).
-11
Let h(l) be the second derivative of l**7/630 - l**6/720 + l**5/120 + l**4/4 - 5*l**3/6 + 124*l. Let x(r) be the third derivative of h(r). What is x(1)?
4
Let p(s) = -2*s + 2. Suppose l + 0 + 8 = -4*j, l + 3*j = -3. Let t be (-90)/l + 6 - (-22)/4. Determine p(t).
-6
Let z(m) = -18 - 7*m + 50 - 13 - 17. Give z(5).
-33
Let k(s) = -s**3 + 9*s**2 + 22*s + 9. Let t(g) = g**2 - 80*g + 386. Let v be t(5). Determine k(v).
9
Suppose 0 = 2*i + 6, -2*f + 4*f = 5*i + 67. Let x(y) = 21*y + 25*y - 81*y - 2 - y**2 + f*y. Determine x(-9).
-2
Let p be 3/(-1)*2/(-2). Let v be (60/6)/1 - 1. Suppose -v*t - p = -8*t. Let y(q) = -q + 1. What is y(t)?
4
Let n(c) = -2*c**3 - 5*c**2 - 3*c + 3. Suppose -26 = 10*y + 334. Let j = -40 - y. Let m be 14/j + (-5)/(-10). Determine n(m).
21
Let q(z) be the first derivative of z**3 + z**2/2 + z - 1. Suppose 4*x - 14 = 3*n, 15 = 3*n + 5*x - 16. Give q(n).
15
Let o(h) be the second derivative of h**5/20 + 5*h**4/12 - h**3/6 + 3*h**2 + 748*h - 1. Give o(-5).
11
Let h = 1181/122520 - 4/3063. Let q(w) be the third derivative of -h*w**6 + 0 + w**3 + 0*w - 5*w**2 - 7/60*w**5 - 1/6*w**4. What is q(-6)?
-6
Suppose l + 5 = -2*l + t, -l - 2*t + 3 = 0. Let r(w) = -15*w**3 - w**2 + 6. Let g(x) = -x**3 + 1. Let a(z) = -5*g(z) + r(z). Determine a(l).
10
Let m(w) = 3426*w**3 - 3425*w**3 - 90 + 76*w + 41*w**2 + 13 + 1. What is m(-39)?
2
Let y(f) = -f**3 - 28*f**2 + 31*f + 66. Let u be (1 + (-360)/12)*1. Determine y(u).
8
Let w(m) be the second derivative of -29*m**5/120 - m**4/24 - m**3/6 + 16*m**2 - 41*m - 3. Let r(y) be the second derivative of w(y). Calculate r(-1).
28
Let d(w) = -8*w - 30. Let h be 1*15*9/108*4*-1. Calculate d(h).
10
Let u(m) = -7 + 2 + 276*m**2 - 261*m**2 - 4 + 35*m + m**3. Give u(-12).
3
Let l(a) = a**3 + 5*a**2 - 5*a + 2. Let z be 839/7 + (116/28 - 4). Let r = z - 116. Suppose -r*i - 5*t = 15, -4*i - 2*t - 18 = -0*t. Calculate l(i).
27
Let i(h) be the second derivative of h**5/20 + 3*h**4/4 + 2*h**3/3 + 3*h**2/2 + 11*h - 54. Calculate i(-8).
35
Let l(t) = -4*t - 2. Let s = -135 + 129. Let r be 1/s + (-2765)/474. Calculate l(r).
22
Let v(c) be the second derivative of -83*c - 1/12*c**4 - 5/6*c**3 + 0 - 7/2*c**2. Determine v(-7).
-21
Let a(q) = q**3 - 2*q**2 + 4*q - 1. Let n(b) = b**2 + b - 2. Let m be n(-2). Suppose m = 3*x - 3, -2 = y - 4*x - 0. Suppose 1 = -y*z + 7. Determine a(z).
20
Let f be 15/(195/(-26) - -6) - -13. Let s(w) = -3*w**3 - 4*w**2 - w - 2. Let j(k) = -k**3 - k**2 - k - 1. Let p(v) = 4*j(v) - s(v). What is p(f)?
-38
Let i(s) = s**3 - 8*s**2 + 5*s. Let u = -5305 - -5309. Calculate i(u).
-44
Suppose -i + 2 = -z, 0 = 5*i - z - 7 - 11. Let j(b) = b**2 + b - 1. Let y(g) = -5*g**2 - 2*g + 7. Let a(l) = -4*j(l) - y(l). Determine a(i).
5
Let f(d) = -d - 6. Suppose 3*s = 4*h + 724, 3*s - 92 = 5*h + 633. Suppose 0 = -5*g + 8*g - s. Let p = g - 91. Calculate f(p).
5
Let s(r) = -r**3 - 13*r**2 + 12*r - 28. Let u = -946 + 1023. Suppose 98 = 70*v - u*v. What is s(v)?
0
Let a(x) be the third derivative of -241*x**2 + 0 - 1/6*x**3 + 1/120*x**6 + 1/60*x**5 + 0*x - 1/8*x**4. Calculate a(-3).
-10
Let h be (-16)/48 - 44/(-6). Let r(l) = -h - 10 - 17 + l + 28. Let y = 16 - 12. Calculate r(y).
-2
Suppose 27075 = 20*f - 12365. Let t(z) = 1973*z + 0 - 2 - f*z. Suppose -r + 19 = r - 5*w, 5*r = w + 13. Determine t(r).
0
Let f(c) = -4*c**2 - 3*c - 4. Let h(w) = -19*w - 536. Let q be h(-28). Calculate f(q).
-56
Let v(y) be the first derivative of y**4/2 - 2*y**2 - 3*y - 761. Suppose -w + 0 = -3. Suppose -14 = 5*p - 4*x, 2*p + 2 + w = x. What is v(p)?
-11
Let t(m) = 4*m + 22. Let o(c) = c**2 + c. Let a be o(-2). Let r be (-11)/a + (0 - 9/6). Let b be t(r). Let z(p) = -2*p - 5. What is z(b)?
7
Let w(b) = b**3 + 3*b**2 - 22*b - 65. Suppose -46*h + 54 = 106 + 178. Determine w(h).
-5
Let w = 6 + -4. Let t(a) = -2 - 8 + 16 - 8 + 3 + 2*a**2. Determine t(w).
9
Let b(r) be the third derivative of 1/120*r**6 - 10*r**2 + 0*r + 2/3*r**3 + 0 - 7/60*r**5 + 5/24*r**4. Let a = 195 + -190. Give b(a).
-21
Let k(f) = 4*f + 4. Suppose -4*i + 12 = 4*u, -5*i + u + 1 + 20 = 0. Suppose -4 = -i*y, 6 = 2*d - d + 3*y. Calculate k(d).
16
Let j(p) = -6*p + 61. Let v be 7 + 1536/22 + 4/22. Suppose -13*d + 6*d = -v. Let o(g) = -g + 12. Let n(x) = d*o(x) - 2*j(x). Determine n(-8).
2
Suppose 645*b - 184 = 553*b. Let y(k) be the third derivative of 0*k - 5/24*k**4 - 1/3*k**3 + 0 - k**b + 1/60*k**5. Calculate y(6).
4
Let b(g) = 4*g**3 + 4*g**2 + g + 1. Let h(t) = 5*t**3 + 4*t**2 + 2. Suppose -29*i + 106 = -39. Let m(d) = i*h(d) - 6*b(d). Calculate m(5).
-1
Let x(o) be the third derivative of o**4/24 + 5*o**3/6 + 236*o**2. Suppose -3*t + t = 4*m + 18, -9 = -3*t. Calculate x(m).
-1
Let t(b) = -6*b**2 + 3*b + 7 + 0 - 1430*b**3 - 1394*b**3 + 2825*b**3. Give t(7).
77
Let y(g) be the first derivative of -g**2/2 + 12*g - 1. Suppose -28*m = -4*m - 96. Suppose -5*f + l = -4, m*f - 42*l - 8 = -40*l. What is y(f)?
12
Suppose 5*x + 13 = -5*f + 3, 5*f + 20 = 0. Suppose 2*q - 5*q = 3*w, w - 4 = -x*q. Let m(b) = -7*b - 3. Let v(o) = -2*o - 1. Let a(k) = m(k) - 4*v(k). Give a(w).
-3
Let t(v) = 2*v + 54. Let w be 0*(119/(-14) + -17 + 26). Determine t(w).
54
Let o(t) be the third derivative of 1/12*t**5 - 2/3*t**3 - 47*t**2 + 3/8*t**4 - 1/120*t**6 + 0 + 0*t. What is o(6)?
14
Let b(x) = -23*x**2 + 17*x**2 + 3*x**3 + 3*x**3 - 8 + 3*x + 0*x**3 - 5*x**3 + 12. Let g(t) = -2*t + 1. Let o be g(-1). Give b(o).
-14
Let a(n) be the third derivative of 7*n**4/8 + 175*n**3/3 + 3798*n**2. Calculate a(-17).
-7
Let z be -8 - (-218)/27 - (-160)/27. Let g = 1084 - 576. Let t(r) = -z*r + g - 3*r - 499 + r**2. Give t(7).
-5
Let k(u) = -5*u**2 + 2*u - 1. Let b = -40 - -52. Let i be 0 + (-1)/((-16)/b)*4. Suppose 0 = -m - 4*j + 3 + i, 4*m + 4*j = 12. Give k(m).
-17
Suppose 69*u - 70*u + 30 = 0. Let l(n) = 0 - 1 + u*n + 20*n - 33*n + 0. What is l(-1)?
-18
Let i(t) = 4*t + 12. Let d(n) = 1. Let x(s) = -6*d(s) + i(s). Let f(o) = -18*o - 74. Let z be f(-3). Let c be -13 - (z + 10) - 1. Give x(c).
-10
Let u = -221 + 279. Let m(i) = -3*i + 36 + 34 - u. Calculate m(5).
-3
Let a = 70 - 60. Suppose -3*w + 14 = -a. Let g(c) be the third derivative of -c**4/24 + 2*c**3 - 2*c**2. Calculate g(w).
4
Let h be ((-8)/20)/(((-6)/75)/1). Let r(n) = 3*n**2 - 3*n**2 + 3 - 2*n - h*n**3 + 6*n**3 + 3*n**2. Give r(-4).
-5
Let m(p) = p**2 + 5*p - 3. Suppose 0 = -0*f + 3*f - 3*k + 30, -5*f + 6*k - 55 = 0. Calculate m(f).
-3
Let d(v) be the second derivative of -37*v + 6*v**2 + 1/6*v**3 + 0. What is d(-8)?
4
Let o be ((-4)/12)/(1/(-18)). Suppose 0 = 11*c - 3*c - 16. Let n(m) = m - 7 + 7 - c. Give n(o).
4
Suppose -46*y + 16 = 4*t - 50*y, -3*t - y + 4 = 0. Let j(h) = 14*h**2 - 21*h. Determine j(t).
14
Let j(m) = -5 + m**2 - 5*m + 8*m + 4*m. Suppose -2*q = -0*q - 10, -1 = -2*t - 3*q. Determine j(t).
-5
Let z(r) be the second derivative of -r**3/6 + 2*r**2 - 3*r. Let w(i) = i**3 - 67*i + 3*i**2 - 5 + 135*i - 70*i. Let k be w(-2). What is z(k)?
1
Let w(q) = -q**2 - 9*q + 2. Let